{"id":78,"date":"2014-08-04T14:28:24","date_gmt":"2014-08-04T11:28:24","guid":{"rendered":"http:\/\/www.sakramentit.fi\/wordpress\/?page_id=78"},"modified":"2017-01-25T07:53:09","modified_gmt":"2017-01-25T05:53:09","slug":"muita-asioita","status":"publish","type":"page","link":"https:\/\/www.sakramentit.fi\/wordpress\/?page_id=78","title":{"rendered":"Muita asioita"},"content":{"rendered":"<p>&#8221;<em>Teid\u00e4n on vain k\u00e4ytt\u00e4ydytt\u00e4v\u00e4 Kristuksen evankeliumin arvoa vastaavalla tavalla. P\u00e4\u00e4senp\u00e4 itse k\u00e4ym\u00e4\u00e4n luonanne tai en, toivon saavani kuulla, ett\u00e4 te pysytte lujasti samanhenkisin\u00e4 ja taistelette yksimielisesti evankeliumin ja uskon puolesta antamatta vastustajien s\u00e4ikytt\u00e4\u00e4 itse\u00e4nne. Se on heille Jumalan antama osoitus siit\u00e4, ett\u00e4 heit\u00e4 odottaa kadotus mutta teit\u00e4 pelastus. Teille on suotu se armo, ett\u00e4 saatte uskoa Kristukseen ja viel\u00e4 k\u00e4rsi\u00e4kin h\u00e4nen puolestaan<\/em>.&#8221; (Fil. 1:27-29)<\/p>\n<hr \/>\n<h3>Alustus Lestadius seuran tilaisuudessa 10.11.2016<\/h3>\n<p><a href=\"http:\/\/www.sakramentit.fi\/wordpress\/wp-content\/uploads\/2017\/01\/Esikoislestadiolainen-sakramenttiseparatismi-2016_ViimeVaiheet_V2.pdf\" target=\"_blank\">Suomen esikoislestadiolaisten sakramenttiseparatismin taustaa<\/a>, Suomen teologisessa instituutissa keskustelutilaisuus 10.11.2016, alustajana Tapani ihalainen<\/p>\n<p>&#8212;&#8212;&#8212;&#8212;&#8212;&#8212;&#8212;&#8212;&#8212;&#8212;&#8212;&#8212;&#8212;&#8212;&#8212;&#8212;&#8212;&#8212;&#8212;&#8212;&#8212;&#8212;&#8212;&#8212;&#8212;&#8212;&#8212;&#8212;&#8212;&#8212;&#8212;&#8212;&#8212;&#8212;&#8212;&#8212;&#8212;&#8212;&#8212;&#8212;<\/p>\n<h3>Gunnar Pers\u00e4ter ei tule Suomeen<\/h3>\n<p>Sakramenttikysymyksess\u00e4 separatismia kannattava Ruotsin sananpalvelija Lapin vanhin <strong>Gunnar Pers\u00e4ter<\/strong> ei ole terveydellisist\u00e4 syist\u00e4 osallistumassa Suomen 2016 kes\u00e4l\u00e4hetykseen. Pers\u00e4ter tunnetaan Suomessa sakramenttiseparatismin er\u00e4\u00e4nlaisena &#8221;is\u00e4n\u00e4&#8221;. H\u00e4n on puhunut asian puolesta saarnoissaan yli 15 vuoden ajan. Idea juontanee juurensa Amerikasta <a href=\"https:\/\/fi.wikipedia.org\/wiki\/Old_Apostolic_Lutheran_Church\" target=\"_blank\">Old Apostolic Lutheran Church <\/a>toiminnasta.\u00a0 My\u00f6s <strong>Lars Larsson<\/strong>in terveydentila saattaa tulla esteeksi osallistua Suomen kes\u00e4l\u00e4hetykseen. Pyyd\u00e4mme armollista Jumalaa siunaamaan terveytens\u00e4 takia k\u00e4rsivi\u00e4. Kes\u00e4l\u00e4hetykseen ovat osallistumassa <strong>Minde, Bolsoy, Wettainen ja Gustavsson<\/strong>.<\/p>\n<hr \/>\n<h3>\u00a0Esikoislestadiolainen her\u00e4tysliike jatkaa kirkon yhteydess\u00e4<\/h3>\n<p>Nastolassa 30.1.2016 oli koolla n. 70 esikoislestadiolaista ymp\u00e4ri Suomea. Keskustelua k\u00e4ytiin ajankohtaisista asioista. Jaoimme siell\u00e4 yhteisen huolemme esikoislestadiolaisen her\u00e4tysliikkeen tulevaisuudesta.<\/p>\n<p>Yhten\u00e4isen\u00e4 ajatuksena koolla oleva joukko\u00a0\u00a0t\u00e4m\u00e4n kokoontumisen p\u00e4\u00e4t\u00f6ksen\u00e4 totesi, ett\u00e4 jatkamme perinnett\u00e4mme\u00a0esikoislestadiolaisena her\u00e4tysliikkeen\u00e4 kirkon yhteydess\u00e4 kirkkoj\u00e4rjestyst\u00e4 ja -lakia kunnioittaen,\u00a0kuten t\u00e4h\u00e4nkin asti on toimittu. T\u00e4m\u00e4 tarkoittaa sit\u00e4, ett\u00e4 toimintaa tullaan jatkamaan riippumatta siit\u00e4, ett\u00e4 monet paikkakunnat ovat ottaneet sakramentit hoidettavaksi itse maallikkovoimin,\u00a0vastoin kirkkoj\u00e4rjestyst\u00e4 ja\u00a0\u00a0 vastoin yhteist\u00e4 p\u00e4\u00e4t\u00f6st\u00e4. Mahdollisesti uusi k\u00e4yt\u00e4nt\u00f6 on my\u00f6s vastoin yhdistyksen omia s\u00e4\u00e4nt\u00f6j\u00e4. T\u00e4m\u00e4 ajatus jatkaa perinteisen\u00e4 esikoislestadiolaisena her\u00e4tysliikkeen\u00e4 oli koolla olleen joukon mielipide. Koolla ollut joukko ei tietenk\u00e4\u00e4n voi tehd\u00e4 p\u00e4\u00e4t\u00f6ksi\u00e4 kaikkien esikoislestadiolaisten puolesta.<\/p>\n<p>Toimintamallia selvitet\u00e4\u00e4n ja tarkennetaan talven aikana. Kun n\u00e4m\u00e4 askelmerkit ovat selv\u00e4t, tilanteesta tulee tarkempia tiedotteita.<\/p>\n<p>Kokoontumisessa todettiin, ett\u00e4 hengellist\u00e4 el\u00e4m\u00e4\u00e4 ja kristittyjen v\u00e4list\u00e4 yhteytt\u00e4 voidaan t\u00e4ss\u00e4 v\u00e4livaiheen aikana hoitaa mm eri paikkakunnilla kirkon yhteydess\u00e4 j\u00e4rjestett\u00e4vill\u00e4 ehtoollistilaisuuksilla. N\u00e4ist\u00e4 tilaisuuksista lis\u00e4tietoja tapahtumat v\u00e4lilehdell\u00e4.<\/p>\n<p>(<em>Tiedotetta tarkennettu 1.2.2016<\/em>)<\/p>\n<hr \/>\n<p><a href=\"http:\/\/www.esikoislestadiolaiset.fi\/\" target=\"_blank\">Esikoislestadiolaiset ry kotisivu<\/a><\/p>\n<p><a href=\"http:\/\/www.rauhanside.fi\/\" target=\"_blank\">Rauhan Side lehden kotisivu<\/a><\/p>\n<hr \/>\n<p>&nbsp;<\/p>\n<h3>Sivustoa arvostellaan v\u00e4\u00e4rien tietojen levitt\u00e4misest\u00e4<\/h3>\n<p>Erityisesti Joensuun loppiaisseuroissa tapahtuneen hyllytyksen johdosta liikkuvat erilaiset tiedot ovat suututtaneet monia esikoislestadiolaisia. N\u00e4ytt\u00e4\u00e4 silt\u00e4, ett\u00e4 toinen sananpalvelija esitt\u00e4\u00e4 asian toisessa valossa kuin toinen. Sivuston yll\u00e4pit\u00e4j\u00e4kin on saanut kipakkaa kritiikki\u00e4 v\u00e4\u00e4rien tietojen levitt\u00e4misest\u00e4. Yll\u00e4pit\u00e4j\u00e4 mielell\u00e4\u00e4n julkaisee sananpalvelijoiden kokouksessa mukana olleen n\u00e4kemyksen tapahtumista t\u00e4ll\u00e4 sivustolla. Toistaiseksi n\u00e4ytt\u00e4\u00e4 silt\u00e4, ett\u00e4 sivustolla &#8217;kannanotot&#8217; sivulla on kerrottu asiasta seurakuntalaisen n\u00e4k\u00f6kulmasta totuudenmukaisesti.<\/p>\n<h3>Mahdollisuus verkkokeskusteluun<\/h3>\n<p>Internetiss\u00e4 on mahdollista osallistua tai seurata ajankohtaisista aiheista keskustelua sivustolla <a href=\"http:\/\/esikoisten.keskustelu.info\/\" target=\"_blank\"><span style=\"text-decoration: underline;\"><span style=\"color: #0066cc;\">http:\/\/esikoisten.keskustelu.info<\/span><\/span><\/a><br \/>\nSivustolta saa my\u00f6s tietoa esikoislestadiolaisen her\u00e4tysliikkeen tilanteesta. Sivustolle tulee rekister\u00f6ity\u00e4.\u00a0Lis\u00e4tietoa: <a href=\"mailto:pvaanane@gmail.com\">pvaanane at gmail.com<\/a><\/p>\n<p>&nbsp;<\/p>\n<p><a href=\"http:\/\/tapsantahtiin.blogspot.fi\/\" target=\"_blank\">Jumalan Sanan pureskelua l\u00f6ytyy blogista<\/a>: <a href=\"http:\/\/tapsantahtiin.blogspot.fi\/\" target=\"_blank\">http:\/\/tapsantahtiin.blogspot.fi\/<\/a><\/p>\n<h3>Kirkon tila on huolestuttava<\/h3>\n<p>Monet ovat antaneet palautetta n\u00e4iden sivujen yll\u00e4pit\u00e4j\u00e4lle siit\u00e4, ett\u00e4 pit\u00e4isi olla huolissaan kirkkomme tilasta, joka on monilta osin luopunut Jumalan Sanasta. Aikaansa\u00a0 seuraavat aktiiviset esikoislestadiolaiset tiet\u00e4v\u00e4t, ett\u00e4 n\u00e4in juuri on. Esikoislestadiolaisia on useilla paikkakunnilla kirkon luottamusteht\u00e4viss\u00e4, monet ovat hoitaneet teht\u00e4v\u00e4\u00e4\u00a0 vuosikymmeni\u00e4. Yhteinen huolemme on kirkon nykytila ja tulevaisuus.<\/p>\n<p>Er\u00e4s osoitus kirkkokritiikist\u00e4 on sivuston yll\u00e4pit\u00e4j\u00e4n v 2008 yhdess\u00e4 \u00c5bo Akademin professori Antti Laaton kanssa toimitettu Tasopainossa painettu kirja: Julkisoikeudellinen yhteis\u00f6 vai Kristuksen kirkko. Kirja suunnattiin piispoille ja kirkolliskokoukselle, jossa se aikanaan jaettiin osanottajille. Halutessasi voin toimittaa kirjan sinulle: <a href=\"mailto:tapani.ihalainen@phnet.fi\">tapani.ihalainen at phnet.fi<\/a><\/p>\n<h3>Esikoislestadiolainen sakramenttiseparatismi<\/h3>\n<p>Prof Jouko Talosen syksyn 2014 luentosarjasta lestadiolaisuus, kirkko ja sakramentit 1900-1961, Tapani Ihalaisen 1.12.2014 pit\u00e4m\u00e4 luento Helsingin yliopistolla aiheena <a title=\"esikoiselestadiolainen sakramenttiseparatismi\" href=\"http:\/\/www.sakramentit.fi\/wordpress\/wp-content\/uploads\/2014\/12\/Esikoislestadiolainen-sakramenttiseparatismi-2000-2014.pdf\" target=\"_blank\">keskustelu sakramenteista esikoislestadiolaisuudessa 2014 ja sen taustat<\/a><br \/>\nEdell\u00e4mainittu <a title=\"Ihalaisen luento \u00e4\u00e4nitiedostona\" href=\"http:\/\/kaikkienaikojensanoma.net\/tiluento.mov\" target=\"_blank\">luento \u00e4\u00e4nitiedostona<\/a><br \/>\nSamasta tilaisuudesta Ilpo <a title=\"Harjutsalon luento\" href=\"http:\/\/kaikkienaikojensanoma.net\/ihluento.mov\" target=\"_blank\">Harjutsalon luento \u00e4\u00e4nitiedostona<\/a>, aiheena yleiskatsaus esikoislestadiolaiseen kastek\u00e4sitykseen<br \/>\nMolemmat \u00e4\u00e4nitiedostot l\u00f6ytyv\u00e4t sivulta http:\/\/kaikkienaikojensanoma.net<\/p>\n<h3><\/h3>\n<h3>Pilailunimist\u00e4<\/h3>\n<p>Pilailunimi\u00e4 on tullut varsin v\u00e4h\u00e4n mukaan nimienker\u00e4ykseen. 10.11 klo 20:59 tuli yksi t\u00e4llaisilla tiedoilla varustettu: Joulu Pukki, kotiin.matkalla@hellurei.fi, Matikotka, Suomi.<br \/>\nT\u00e4m\u00e4n pilailijan palveluntarjoaja on Elisa Oyj Mobile ja k\u00e4ytt\u00e4j\u00e4n koneen IP-osoite viittaa Helsinki-seudulle. Pilailevia nimi\u00e4 on ollut yll\u00e4tt\u00e4v\u00e4n v\u00e4h\u00e4n, yksi on t\u00e4t\u00e4 ennen poistettu listalta.<\/p>\n<h3>\u00a0Esikoislestadiolaisten <a href=\"http:\/\/www.sakramentit.fi\/wordpress\/wp-content\/uploads\/2014\/11\/EsikoislestadiolaistenViestiOpetushallitukseen2014.pdf\" target=\"_blank\">kannanotto opetushallitukselle<\/a>, Uusi Tie 23.10.2014<\/h3>\n<h3>Saarnaajakokouksen pyynt\u00f6 osallistua kansalaisaloitteeseen<\/h3>\n<p>Saarnaajienkokouksessa 5.10.2014 Joensuussa on annettu\u00a0teht\u00e4v\u00e4ksi l\u00e4hett\u00e4\u00e4\u00a0paikkakunnille kehotus osallistua seuraavaan kansalaisaloitteeseen:<br \/>\n<strong>Kansalaisaloite omantunnon vapauden saamiseksi terveydenhuollon henkil\u00f6kunnalle, jotta he voisivat olla osallistumatta raskaudenkeskeytyksiin<\/strong><\/p>\n<p>T\u00e4m\u00e4 on todella t\u00e4rke\u00e4 aloite, koska l\u00e4hes kaikissa muissa Euroopan maissa terveydenhuollon henkil\u00f6kunnalla on lakis\u00e4\u00e4teinen mahdollisuus olla osallistumatta. Aloitteeseen tarvitaan 50 000 nime\u00e4 23.11. menness\u00e4, jotta se menisi eduskunnan k\u00e4sittelyyn.<\/p>\n<p>On t\u00e4rke\u00e4\u00e4, ett\u00e4 aloitteeseen ker\u00e4t\u00e4\u00e4n nimi\u00e4 rukoushuoneissamme ja asiasta muistutetaan useita kertoja seurojen yhteydess\u00e4, kanssapuheissa, nuortenilloissa ja muissa tilanteissa. T\u00e4t\u00e4 tietoa on t\u00e4rke\u00e4 jakaa my\u00f6s s\u00e4hk\u00f6postin avulla.<br \/>\nT\u00e4m\u00e4 on mahdollisuus vaikuttaa Suomen lains\u00e4\u00e4d\u00e4nt\u00f6\u00f6n. Vaikka asia ei ehk\u00e4 henkil\u00f6kohtaisesti koskisikaan niin jokaisen \u00e4\u00e4ni t\u00e4m\u00e4n asian puolesta on t\u00e4rke\u00e4.<\/p>\n<p>Aloitetta p\u00e4\u00e4set allekirjoittamaan t\u00e4st\u00e4 linkist\u00e4: <a href=\"https:\/\/www.kansalaisaloite.fi\/fi\/aloite\/860\">https:\/\/www.kansalaisaloite.fi\/fi\/aloite\/860<\/a><\/p>\n<p>Samalta sivustolta voi my\u00f6s tulostaa lomaketta, johon voi k\u00e4sin kirjoittaa kannatusilmoituksen.\u00a0 Aloitteeseen voi laittaa nimens\u00e4 vain yhden kerran. Paperille ker\u00e4tyt nimet l\u00e4hetet\u00e4\u00e4n osoitteeseen: Omantunnonvapausaloite c\/o Sari Tanus, PL 162, 33101 Tampere.<br \/>\nAloitteesta saa lis\u00e4tietoja: \u00a0<a href=\"http:\/\/www.omantunnonvapaus.fi\/\">http:\/\/www.omantunnonvapaus.fi\/<\/a><\/p>\n<h3><\/h3>\n<h3>Sivustolta poistettu tuplakirjaukset!<\/h3>\n<p>Kannanottoihin oli tullut lukuisia kirjauksia tuplasti, parhaimmillaan kirjaus l\u00f6ytyi samalla nimell\u00e4 kuusi kertaa. N\u00e4m\u00e4 on nyt 7.8 klo 13 alkaen poistettu manuaalisesti. T\u00e4lt\u00e4 osin p\u00e4iv\u00e4n lukema n\u00e4ytt\u00e4\u00e4 nyt oikeaa m\u00e4\u00e4r\u00e4\u00e4. Tuplakirjauksia ei nyt viimeisimmiss\u00e4 kirjauksissa ole tullut. My\u00f6hemmin tehd\u00e4\u00e4n viel\u00e4 koneellinen lajittelu, jossa paljastuvat ne tuplakirjaukset, joissa on useita p\u00e4ivi\u00e4 kirjausten v\u00e4lill\u00e4. (n\u00e4it\u00e4kin voi tulla henkil\u00f6ilt\u00e4, jotka eiv\u00e4t muista antaneensa jo nimens\u00e4)<br \/>\nNimi\u00e4 on tullut ripe\u00e4\u00e4n tahtiin, sivusto avautui 3.8. klo 20:25 ja nyt 7.8 klo 13:30\u00a0nimi\u00e4 on jo 350kpl.<\/p>\n<p>18.8\u00a0 klo 10:30 sivustolta poistettu tuplakirjauksia, nimi\u00e4 koossa 768kpl<\/p>\n","protected":false},"excerpt":{"rendered":"<p>&#8221;Teid\u00e4n on vain k\u00e4ytt\u00e4ydytt\u00e4v\u00e4 Kristuksen evankeliumin arvoa vastaavalla tavalla. P\u00e4\u00e4senp\u00e4 itse k\u00e4ym\u00e4\u00e4n luonanne tai en, toivon saavani kuulla, ett\u00e4 te pysytte lujasti samanhenkisin\u00e4 ja taistelette yksimielisesti evankeliumin ja uskon puolesta antamatta vastustajien s\u00e4ikytt\u00e4\u00e4 itse\u00e4nne. Se on heille Jumalan antama osoitus siit\u00e4, ett\u00e4 heit\u00e4 odottaa kadotus mutta teit\u00e4 pelastus. Teille on suotu se armo, ett\u00e4 saatte &hellip; <a href=\"https:\/\/www.sakramentit.fi\/wordpress\/?page_id=78\" class=\"more-link\">Jatka lukemista <span class=\"screen-reader-text\">Muita asioita<\/span> <span class=\"meta-nav\">&rarr;<\/span><\/a><\/p>\n","protected":false},"author":1,"featured_media":0,"parent":0,"menu_order":0,"comment_status":"closed","ping_status":"closed","template":"","meta":[],"_links":{"self":[{"href":"https:\/\/www.sakramentit.fi\/wordpress\/index.php?rest_route=\/wp\/v2\/pages\/78"}],"collection":[{"href":"https:\/\/www.sakramentit.fi\/wordpress\/index.php?rest_route=\/wp\/v2\/pages"}],"about":[{"href":"https:\/\/www.sakramentit.fi\/wordpress\/index.php?rest_route=\/wp\/v2\/types\/page"}],"author":[{"embeddable":true,"href":"https:\/\/www.sakramentit.fi\/wordpress\/index.php?rest_route=\/wp\/v2\/users\/1"}],"replies":[{"embeddable":true,"href":"https:\/\/www.sakramentit.fi\/wordpress\/index.php?rest_route=%2Fwp%2Fv2%2Fcomments&post=78"}],"version-history":[{"count":36,"href":"https:\/\/www.sakramentit.fi\/wordpress\/index.php?rest_route=\/wp\/v2\/pages\/78\/revisions"}],"predecessor-version":[{"id":891,"href":"https:\/\/www.sakramentit.fi\/wordpress\/index.php?rest_route=\/wp\/v2\/pages\/78\/revisions\/891"}],"wp:attachment":[{"href":"https:\/\/www.sakramentit.fi\/wordpress\/index.php?rest_route=%2Fwp%2Fv2%2Fmedia&parent=78"}],"curies":[{"name":"wp","href":"https:\/\/api.w.org\/{rel}","templated":true}]}}